





{"id":5475,"date":"2024-06-03T12:47:38","date_gmt":"2024-06-03T12:47:38","guid":{"rendered":"https:\/\/demo2.lond.net\/ozsafirhali2\/?page_id=5475"},"modified":"2024-07-01T14:25:38","modified_gmt":"2024-07-01T11:25:38","slug":"odeme-bilgilerimiz","status":"publish","type":"page","link":"https:\/\/demo2.lond.net\/ozsafirhali2\/odeme-bilgilerimiz\/","title":{"rendered":"\u00d6deme Bilgilerimiz"},"content":{"rendered":"\t\t<div data-elementor-type=\"wp-post\" data-elementor-id=\"5475\" class=\"elementor elementor-5475\" data-elementor-post-type=\"page\">\n\t\t\t\t\t\t<section class=\"elementor-section elementor-top-section elementor-element elementor-element-87b6ee7 elementor-section-full_width elementor-section-height-default elementor-section-height-default\" data-id=\"87b6ee7\" data-element_type=\"section\" data-settings=\"{&quot;background_background&quot;:&quot;classic&quot;}\">\n\t\t\t\t\t\t<div class=\"elementor-container elementor-column-gap-default\">\n\t\t\t\t\t<div class=\"elementor-column elementor-col-100 elementor-top-column elementor-element elementor-element-96fa290\" data-id=\"96fa290\" data-element_type=\"column\" data-settings=\"{&quot;background_background&quot;:&quot;classic&quot;}\">\n\t\t\t<div class=\"elementor-widget-wrap elementor-element-populated\">\n\t\t\t\t\t\t<div class=\"elementor-element elementor-element-62bd1ae elementor-widget elementor-widget-ova_heading_page\" data-id=\"62bd1ae\" data-element_type=\"widget\" data-widget_type=\"ova_heading_page.default\">\n\t\t\t\t<div class=\"elementor-widget-container\">\n\t\t\t\n\t\t<section class=\"heading-page\" >\n\t\t\t<div class=\"container\">\n\t\t\t\t<div class=\"cta-content\">\n\t\t\t\t\t\t\t\t\t\t\t<h2 class=\"second_font\">\u00d6deme Bilgilerimiz<\/h2>\n\t\t\t\t\t\t\t\t\t\t\n\t\t\t\t<\/div>\n\t\t\t<\/div>\n\t\t<\/section>\n\n\t\t\t<\/div>\n\t\t\t\t<\/div>\n\t\t\t\t\t<\/div>\n\t\t<\/div>\n\t\t\t\t\t<\/div>\n\t\t<\/section>\n\t\t<div class=\"elementor-element elementor-element-544e714 e-flex e-con-boxed e-con e-parent\" data-id=\"544e714\" data-element_type=\"container\" data-settings=\"{&quot;background_background&quot;:&quot;classic&quot;}\">\n\t\t\t\t\t<div class=\"e-con-inner\">\n\t\t\t\t<div class=\"elementor-element elementor-element-c593912 elementor-widget elementor-widget-text-editor\" data-id=\"c593912\" data-element_type=\"widget\" data-widget_type=\"text-editor.default\">\n\t\t\t\t<div class=\"elementor-widget-container\">\n\t\t\t<style>\/*! elementor - v3.21.0 - 26-05-2024 *\/\n.elementor-widget-text-editor.elementor-drop-cap-view-stacked .elementor-drop-cap{background-color:#69727d;color:#fff}.elementor-widget-text-editor.elementor-drop-cap-view-framed .elementor-drop-cap{color:#69727d;border:3px solid;background-color:transparent}.elementor-widget-text-editor:not(.elementor-drop-cap-view-default) .elementor-drop-cap{margin-top:8px}.elementor-widget-text-editor:not(.elementor-drop-cap-view-default) .elementor-drop-cap-letter{width:1em;height:1em}.elementor-widget-text-editor .elementor-drop-cap{float:left;text-align:center;line-height:1;font-size:50px}.elementor-widget-text-editor .elementor-drop-cap-letter{display:inline-block}<\/style>\t\t\t\t<p><strong><big>\u00d6deme Y\u00f6ntemleri ve Banka Hesap Bilgilerimiz<\/big><\/strong><\/p><p><strong>Havale Yoluyla \u00d6deme Yapmak \u0130stiyorum, Hesap Bilgileriniz Nedir?<br \/><\/strong><br \/><u>Hesap Ad\u0131:<\/u> \u00d6Z SAF\u0130R HALICILIK MOB. GIDA \u0130N\u015e. SAN. T\u0130C. LTD. \u015eT\u0130.<\/p><p><u>Kuveytt\u00fcrk \u0130ban<\/u><span style=\"text-decoration: underline;\">:<\/span> TR84 0020 5000 0008 2002 7000 03<\/p><p><strong>Geri \u00f6deme bana nas\u0131l ve ne zaman ula\u015f\u0131r?<br \/><\/strong>\u00dcr\u00fcn iadesi ya da iptali sonras\u0131nda alaca\u011f\u0131n\u0131z olan tutar; online al\u0131\u015fveri\u015fte kullanm\u0131\u015f oldu\u011funuz kredi kart\u0131n\u0131za geri \u00f6denir.<br \/>Havale ile yapm\u0131\u015f oldu\u011funuz tutar da ise sizin belirtmi\u015f oldu\u011funuz IBAN numaran\u0131za \u00f6denir. \u0130ade veya sipari\u015f iptalinde taraf\u0131m\u0131zca k\u0131sa bir onay s\u00fcresinden sonra geri \u00f6demeniz bankan\u0131za iletilir ve size bu konuda mail yolu ile bilgi verilir.<br \/>Yap\u0131lan bedel iadesinin kart hesab\u0131n\u0131za yans\u0131ma s\u00fcresi bankan\u0131za g\u00f6re de\u011fi\u015fkenlik g\u00f6sterebilir. \u00d6demenizi kredi kart\u0131 kullanarak taksitlendirme yapt\u0131ysan\u0131z tutar\u0131n tamam\u0131 sahibi oldu\u011funuz kredi kart\u0131n\u0131z\u0131n bankas\u0131na tek seferde \u00f6denir.<\/p>\t\t\t\t\t\t<\/div>\n\t\t\t\t<\/div>\n\t\t\t\t\t<\/div>\n\t\t\t\t<\/div>\n\t\t\t\t<\/div>\n\t\t","protected":false},"excerpt":{"rendered":"<p>\u00d6deme Bilgilerimiz \u00d6deme Y\u00f6ntemleri ve Banka Hesap Bilgilerimiz Havale Yoluyla \u00d6deme Yapmak \u0130stiyorum, Hesap Bilgileriniz Nedir?Hesap Ad\u0131: \u00d6Z SAF\u0130R HALICILIK MOB. GIDA \u0130N\u015e. SAN. T\u0130C. LTD. \u015eT\u0130. Kuveytt\u00fcrk \u0130ban: TR84 0020 5000 0008 2002 7000 03 Geri \u00f6deme bana nas\u0131l ve ne zaman ula\u015f\u0131r?\u00dcr\u00fcn iadesi ya da iptali sonras\u0131nda alaca\u011f\u0131n\u0131z olan tutar; online al\u0131\u015fveri\u015fte kullanm\u0131\u015f [&hellip;]<\/p>\n","protected":false},"author":1,"featured_media":0,"parent":0,"menu_order":0,"comment_status":"closed","ping_status":"closed","template":"elementor_header_footer","meta":{"footnotes":""},"class_list":["post-5475","page","type-page","status-publish","hentry"],"_links":{"self":[{"href":"https:\/\/demo2.lond.net\/ozsafirhali2\/wp-json\/wp\/v2\/pages\/5475","targetHints":{"allow":["GET"]}}],"collection":[{"href":"https:\/\/demo2.lond.net\/ozsafirhali2\/wp-json\/wp\/v2\/pages"}],"about":[{"href":"https:\/\/demo2.lond.net\/ozsafirhali2\/wp-json\/wp\/v2\/types\/page"}],"author":[{"embeddable":true,"href":"https:\/\/demo2.lond.net\/ozsafirhali2\/wp-json\/wp\/v2\/users\/1"}],"replies":[{"embeddable":true,"href":"https:\/\/demo2.lond.net\/ozsafirhali2\/wp-json\/wp\/v2\/comments?post=5475"}],"version-history":[{"count":19,"href":"https:\/\/demo2.lond.net\/ozsafirhali2\/wp-json\/wp\/v2\/pages\/5475\/revisions"}],"predecessor-version":[{"id":6460,"href":"https:\/\/demo2.lond.net\/ozsafirhali2\/wp-json\/wp\/v2\/pages\/5475\/revisions\/6460"}],"wp:attachment":[{"href":"https:\/\/demo2.lond.net\/ozsafirhali2\/wp-json\/wp\/v2\/media?parent=5475"}],"curies":[{"name":"wp","href":"https:\/\/api.w.org\/{rel}","templated":true}]}}